ate t(0).
2
Let c(z) = 6*z + 49. Determine c(-11).
-17
Let w(f) = -38*f**2 - f - 3. Determine w(1).
-42
Let n(b) = -4*b - 3. Determine n(4).
-19
Let l(i) = -7*i + 15. Calculate l(3).
-6
Let k(p) = 3*p**3 - p**2 - p - 7. Determine k(-2).
-33
Let s(j) = -j**2 - 15*j - 14. Give s(-8).
42
Let m(g) = -g. Determine m(-3).
3
Let n(o) = 13*o**2 + 14*o + 2. Calculate n(-2).
26
Let v(s) = -4*s**2 + s + 8. What is v(-2)?
-10
Let w(v) = -v**3 - 9*v**2 + 19*v - 27. Give w(-11).
6
Let v(q) = 2*q**3 - 3*q**2 + 3*q - 3. What is v(2)?
7
Let l(y) = -y + 7. Give l(15).
-8
Let f(k) = k**3 - 7*k**2 + 6*k + 5. Give f(6).
5
Let m(b) = -b**2 + 15*b + 13. Determine m(15).
13
Let i(n) = -6*n + 2. Give i(-3).
20
Let m(f) = -7*f - 15. Give m(-3).
6
Let o(w) = w**2 + 16*w + 31. Determine o(-14).
3
Let i(v) = -v**2 - 11*v + 13. Calculate i(-5).
43
Let y(w) = w**2 - 5*w + 4. What is y(5)?
4
Let n(i) = -i**3 - 18*i**2 + 65*i + 40. What is n(-21)?
-2
Let o(c) = c**3 - 9*c**2 + 7*c. Give o(7).
-49
Let a(g) = 21*g + 1. Determine a(1).
22
Let p(n) = 15*n + 36. Give p(-12).
-144
Let r(l) = -l**2 + 20*l - 21. Calculate r(19).
-2
Let j(c) = -c + 28. Determine j(0).
28
Let m(w) = 8*w**3 - 2*w**2 + 1. Give m(-1).
-9
Let o(y) = 13*y - 1. What is o(3)?
38
Let y(w) = -3*w**2 - 5*w + 20. Determine y(-4).
-8
Let t(i) = 172*i - 1. Give t(1).
171
Let h(m) = -m + 42. Determine h(37).
5
Let k(m) = -m**3 + 20*m**2 - 17*m - 38. Calculate k(19).
0
Let z(d) = d - 1. Determine z(-6).
-7
Let a(u) = -5*u + 88. Determine a(17).
3
Let a(i) = 7*i + 7. Give a(0).
7
Let f(q) = -q**3 - 6*q**2 + 3*q + 7. What is f(-5)?
-33
Let t(u) = -2*u - 21. Give t(-6).
-9
Let r(y) = -y**2 + 3*y + 25. What is r(7)?
-3
Let s(r) = 122*r - 1098. What is s(9)?
0
Let y(z) = -z**3 + 6*z**2 - z - 16. Determine y(5).
4
Let g(d) = -7*d - 86. Calculate g(-12).
-2
Let y(s) = s**3 + 8*s**2 - 11*s - 13. Calculate y(-9).
5
Let y(s) = -6*s + 79. Determine y(10).
19
Let s(b) = -b**2 - 21*b - 19. What is s(-20)?
1
Let y(z) = 34*z - 577. Calculate y(17).
1
Let u(h) = 75*h - 518. Calculate u(7).
7
Let b(d) = 5*d - 27. What is b(11)?
28
Let j(k) = 7*k + 177. What is j(-21)?
30
Let p(o) = -o**2 + 34*o + 1. Calculate p(34).
1
Let h(o) = o**2 + 27*o + 114. Calculate h(-24).
42
Let i(l) = 9*l**2 + 3*l + 3. What is i(-2)?
33
Let s(i) = 4*i + 23. Calculate s(-5).
3
Let f(t) = -t - 18. What is f(-9)?
-9
Let a(z) = -z**3 + 6*z**2 - 8*z + 41. What is a(6)?
-7
Let i(r) = -r**3 + 5*r**2 + 2*r - 4. What is i(5)?
6
Let y(h) = -18*h**2 - 4*h - 5. What is y(-2)?
-69
Let m(f) = f**3 - 8*f**2 - 12*f - 1. Determine m(9).
-28
Let a(z) = -12*z - 7. Give a(-5).
53
Let s(m) = 7*m + 93. What is s(-13)?
2
Let v(h) = -h**3 - 30*h**2 + 30*h - 38. Determine v(-31).
-7
Let g(f) = -9*f**2 - 5*f + 7. Calculate g(3).
-89
Let i(w) = -13*w**3 + w**2 - 3*w + 1. Calculate i(1).
-14
Let i(f) = -29*f + 110. Give i(5).
-35
Let j(x) = -x**2 + 2*x + 6. Calculate j(7).
-29
Let m(t) = -22*t - 167. Calculate m(-8).
9
Let h(l) = 5*l - 43. Calculate h(9).
2
Let x(q) = q + 8. Calculate x(-8).
0
Let w(s) = s**3 + 9*s**2 - 25*s - 26. Give w(-11).
7
Let s(r) = -2*r**3 - 41*r**2 + 21*r + 37. What is s(-21)?
37
Let p(s) = -s**3 - 5*s**2 + 2*s - 4. Determine p(-5).
-14
Let f(x) = -x**2 - x + 5. Calculate f(0).
5
Let y(j) = j**3 + 5*j**2 - 5*j + 3. Calculate y(-6).
-3
Let k(g) = -g**2 - 7*g - 10. What is k(-5)?
0
Let o(c) = c**3 + 7*c**2 + 4*c - 2. What is o(-4)?
30
Let y(w) = 2*w**2 + 12*w - 12. Determine y(-7).
2
Let q(b) = -b**2 - 5*b + 6. Determine q(-7).
-8
Let v(x) = x**3 - 3*x**2 + 6*x - 1. Calculate v(3).
17
Let z(v) = 20*v - 2. Give z(1).
18
Let i(t) = -t**2 + 6*t - 11. Give i(3).
-2
Let s(i) = 2*i - 5. What is s(9)?
13
Let i(z) = -7*z + 13. Calculate i(6).
-29
Let p(g) = 67*g + 394. Give p(-6).
-8
Let a(y) = -5*y + 36. Determine a(10).
-14
Let v(f) = f**3 - 9*f**2 - 24*f - 5. Give v(11).
-27
Let l(u) = -6*u**3 + 2*u**2 + 9*u - 11. Give l(1).
-6
Let i(n) = n**3 - 25*n**2 + 116*n - 37. Calculate i(19).
1
Let c(s) = -3*s - 4. Give c(-16).
44
Let z(v) = -v**2 - 9*v + 5. Calculate z(-10).
-5
Let i(p) = p**2 + p - 216. What is i(-15)?
-6
Let p(t) = 3*t**2 - 7*t - 6. Give p(7).
92
Let m(l) = -l**2 + 5*l - 1. What is m(7)?
-15
Let s(r) = -3*r - 19. What is s(-6)?
-1
Let z(u) = -3*u**3 - 3*u**2 - 5*u - 4. What is z(-2)?
18
Let y(i) = i**3 + 11*i**2 - 13*i + 1. Give y(-12).
13
Let j(r) = 2*r**2 + r - 1. What is j(-2)?
5
Let p(a) = a**3 - 17*a**2 + 16*a + 2. Give p(16).
2
Let f(j) = -6*j**2 - 4*j - 1. Determine f(-3).
-43
Let m(k) = -k**3 + k**2 - k + 34. What is m(0)?
34
Let v(r) = r**3 - 24*r**2 + 24*r - 32. Give v(23).
-9
Let l(u) = u**3 - 6*u**2 - 3*u - 17. Give l(7).
11
Let s(m) = m**2 + 8*m - 21. Determine s(-8).
-21
Let q(p) = 6*p - 1. Determine q(-1).
-7
Let g(y) = y**3 + 9*y**2 + 14*y - 4. Determine g(-7).
-4
Let o(s) = s + 5. Calculate o(-12).
-7
Let a(u) = 16*u + 1. What is a(4)?
65
Let b(k) = k**3 - 3*k**2 - 4*k + 2. Determine b(5).
32
Let p(a) = a**2 - 19*a + 16. Give p(18).
-2
Let k(r) = -r - 4. Determine k(-10).
6
Let b(g) = -g**2 - g - 30. Determine b(0).
-30
Let c(i) = i**3 + 22*i**2 + 2*i + 44. Calculate c(-22).
0
Let b(x) = 15*x + 9. Determine b(-3).
-36
Let r(c) = -2*c - 15. What is r(-10)?
5
Let s(u) = u**2 - 2*u + 1. Calculate s(0).
1
Let v(u) = -9*u + 404. Calculate v(44).
8
Let y(h) = -5*h + 45. Determine y(9).
0
Let i(c) = c + 14. What is i(-10)?
4
Let h(g) = -2*g**3 + 76*g**2 + 80*g - 77. Determine h(39).
1
Let g(v) = -4*v**2 - 30*v + 12. Give g(-8).
-4
Let p(c) = 40*c - 9. What is p(1)?
31
Let o(z) = -z**2 + 2*z + 6. Give o(-4).
-18
Let m(f) = -f**3 - f - 28. Give m(0).
-28
Let b(a) = 8*a + 54. Give b(-8).
-10
Let c(z) = z**3 - 7*z**2 - 16*z - 8. Determine c(9).
10
Let h(f) = -2*f**3 + f**2 - f + 1. Give h(1).
-1
Let w(l) = -l**3 - l**2 - 2*l + 1. Give w(0).
1
Let g(n) = -8*n + 40. Determine g(8).
-24
Let x(z) = -4*z + 28. Calculate x(9).
-8
Let h(k) = 3*k + 28. What is h(-10)?
-2
Let o(h) = h**3 - 9*h**2 + h + 19. Give o(8).
-37
Let c(f) = -2*f**2 - 65*f - 207. Calculate c(-29).
-4
Let i(x) = 5*x - 62. Give i(10).
-12
Let y(r) = 109*r - 662. Calculate y(6).
-8
Let k(u) = u**3 + 2*u**2 - 4*u - 5. Give k(-3).
-2
Let w(b) = b**2 + b + 1. What is w(5)?
31
Let m(u) = -u**2 - 10*u + 11. Determine m(-9).
20
Let c(m) = 34*m + 33. What is c(-1)?
-1
Let n(y) = -2*y**2 + 34*y - 129. What is n(11)?
3
Let v(r) = -28*r. Give v(-1).
28
Let n(a) = -4*a + 32. Determine n(7).
4
Let l(c) = c**2 + 6*c - 10. What is l(-6)?
-10
Let r(k) = 4*k + 2. Give r(-4).
-14
Let i(t) = t**2 + 13*t - 15. What is i(-10)?
-45
Let q(j) = 2*j**3 - 13*j**2 - 7*j + 11. Calculate q(7).
11
Let i(b) = 4*b**3 + 3*b**2 + b + 1. Determine i(-2).
-21
Let g(z) = z**2 - 46*z + 26. Give g(45).
-19
Let i(c) = -c**2 - 11*c + 24. Give i(6).
-78
Let a(k) = -k**3 - 12*k**2 + 11*k - 17. Determine a(-13).
9
Let s(h) = -38*h + 1. Determine s(-4).
153
Let r(z) = 3*z - 8. Give r(3).
1
Let g(n) = -n**3 - 6*n**2 - 3*n + 12. Calculate g(-5).
2
Let u(p) = p**3 + 8*p**2 - 11*p + 12. Determine u(-9).
30
Let r(h) = -7*h + 2. Determine r(1).
-5
Let o(n) = -4*n**2 - 18*n - 11. Determine o(-5).
-21
Let l(a) = -3*a**2 + 2*a + 3. Calculate l(-2).
-13
Let r(a) = -11*a. Calculate r(-7).
77
Let f(n) = -13*n - 263. Determine f(-20).
-3
Let o(z) = z**3 + 3*z**2 - 3*z + 3. Give o(-4).
-1
Let u(n) = n**2 + 29*n + 40. Calculate u(-27).
-14
Let x(u) = -7*u + 54. Calculate x(19).
-79
Let u(b) = -b**2 - 3*b + 47. Calculate u(-9).
-7
Let d(q) = -51*q - 2. Determine d(0).
-2
Let o(h) = -126*h - 1638. What is o(-13)?
0
Let c(w) = -2*w + 23. Calculate c(5).
13
Let j(f) = -f**3 + 19*f**2 - 19*f + 12. What is j(18)?
-6
Let m(d) = d**2 + 21*d + 70. Give m(-4).
2
Let p(y) = 51*y**2 - 2*y + 1. Give p(1).
50
Let z(i) = -3*i + 22. Calculate z(8).
-2
Let i(t) = 57*t + 1. Calculate i(-1).
-56
Let q(l) = -l**2 + 23*l - 13. What is q(22)?
9
Let y(i) = -4*i - 51. Calculate y(-15).
9
Let m(k) = -k**3 - 6*k**2 - 5*k - 1. Determine m(-6).
29
Let i(b) = -b - 15. What is i(-26)?
11
Let v(i) = -i**2 + 30*i - 179. Give v(22).
-3
Let t(z) = -z**3 - 14*z**2 - 3. What is t(-14)?
-3
Let a(b) = -b**3 + 9*b**2 - 10*b + 3. Calculate a(8).
-13
Let g(j) = 2*j**2 + 2*j - 3. Determine g(-4).
21
Let r(l) = l**3 + 5*l**2 - 2*l - 4. Give r(-5).
6
Let d(i) = -i**2 - i - 28. Give 